rime factors of u.
2, 3, 7, 107
Suppose -94*j + 92*j + 6 = 0. Suppose w + 24 = -j*w. Let m = 19 + w. List the prime factors of m.
13
What are the prime factors of (-675)/81*37716/(-35)?
2, 5, 449
Let t = 18799 - 1543. What are the prime factors of t?
2, 3, 719
Let d be (3 + 6 + -5)/(4/14). Suppose 5*b - 39 + d = 0. Suppose -2*o = -4*l - 0*o + 978, -1235 = -5*l + b*o. What are the prime factors of l?
2, 11
Suppose 417 = -5*n - u - 52, -183 = 2*n + 5*u. Let h = -82 - n. What are the prime factors of h?
2, 3
Suppose -3*d = d - 3*f - 2409, -2*d + f = -1203. Suppose 61*z - 66*z = -d. List the prime factors of z.
2, 3, 5
Suppose 5*w + 3*l - 22 = 0, 3*w - 19 = -0*l + 4*l. Let x be ((-12)/16)/(w/(-20)). What are the prime factors of (-438)/(-6)*3/x?
73
Let r = -461 + 212. Let l = -37 - r. List the prime factors of l.
2, 53
Let k(f) = 4*f - 171. Let w be k(-35). Let t = w - -387. List the prime factors of t.
2, 19
List the prime factors of (5443/(-3))/((-2)/6) - -6.
5449
Let g(y) = 4 + y**3 + 177*y**2 - 56*y**2 - 59*y**2 + 32*y - 45*y**2. List the prime factors of g(-11).
2, 3, 7
Suppose 25*n - 1813867 - 811073 = -29*n. What are the prime factors of n?
2, 5, 4861
Let a be (-8)/6*(-573981)/148. Suppose 0 = l + 5*k - 1274, -4*l + 34*k = 39*k - a. List the prime factors of l.
3, 433
Let p be 4/6 - 1/6*-2732. Suppose 4*u = 5*j - 516 + 57, 5*j - u = p. List the prime factors of j.
7, 13
Let d be 9/((-72)/20)*-348. Suppose -3*o + 870 = -5*w, -2*o + 5*o = -w + d. List the prime factors of o.
2, 5, 29
Suppose 77140 = -104*y + 111*y. What are the prime factors of y?
2, 5, 19, 29
Suppose 3*l - 4*x + 11 = -2*l, -3*l + 23 = 5*x. Suppose l = -6*g + 19. Suppose 10*d - 651 = g*d. List the prime factors of d.
3, 31
Let l(n) = n**3 + 5*n**2 - 3*n - 7. Let c be l(5). Suppose 0 = 10*t + 12*t - 88. Suppose -285 = -5*o + 5*x, -t*o + 2*x + c = 8. List the prime factors of o.
53
What are the prime factors of (-14)/(-2) + 27*(-5)/(-75)*10855?
2, 29, 337
Suppose 15*l - 220213 - 262221 = -109879. List the prime factors of l.
3, 17, 487
Let l = 3069 - -749. List the prime factors of l.
2, 23, 83
Let b(r) = -11*r + 61. Let c be b(7). Suppose x - 9 = -2*x, -3*x = 4*m - 145. Let h = c + m. List the prime factors of h.
2, 3
Suppose 0 = 2*z + y + 4*y + 15, -15 = 3*y. Suppose 4*d - 90 = -5*p, z*d - 102 = 2*p - 3*p. List the prime factors of d.
2, 5
Let j be (-4)/(16/12) - 36/(-6). Suppose -4*o - v + 1424 = j*v, -o = -5*v - 332. What are the prime factors of o?
2, 11
Let o = -1568 - -3895. What are the prime factors of o?
13, 179
Let a(u) = -u**3 + 22*u**2 + 54*u + 32. Let c be (-792)/(-78) - (0 - 6/(-39)). Suppose -c*v + 12 + 228 = 0. What are the prime factors of a(v)?
2, 11
Let d = 2781 - -5090. What are the prime factors of d?
17, 463
Suppose -18*b + 4259 + 4489 = 0. Suppose 492*z - 2538 = b*z. What are the prime factors of z?
3, 47
Let d = 276 + -274. Suppose -4*a = 4*x - 94 - 70, 4 = -d*x. List the prime factors of a.
43
Let f = -31 + 29. Let z be (5 - (-3 - -3)) + (f - -1). What are the prime factors of 2*111/6*z?
2, 37
Let v be 248/(-1 - -3)*(-385)/(-28). Let u = -919 + v. What are the prime factors of u?
2, 3, 131
Let j = 20007 + -11892. What are the prime factors of j?
3, 5, 541
Suppose 55*k - 121*k = -613338. List the prime factors of k.
9293
Suppose 432*y + 9339809 = 599*y. List the prime factors of y.
55927
Let p = 530 - 508. Suppose -5354 = -p*r - 866. What are the prime factors of r?
2, 3, 17
Let i(p) = -183*p + 116. Let j be i(-8). Suppose 7680 = 5*m - 5*o + j, 5*o + 2440 = 2*m. List the prime factors of m.
2, 5, 61
Let k(w) = -5*w**2 + 5*w + 6. Let g be k(3). Let j = g + 24. Suppose j = a - 4*a + 12. What are the prime factors of a?
2
Let q(d) = 29*d - 14. What are the prime factors of q(68)?
2, 11, 89
Suppose a - 5*y - 7353 = 0, 2*y - 93 + 99 = 0. List the prime factors of a.
2, 3, 1223
Let v be 296/36 + 10/(-45). Let j be (1/(-1))/(v/3160). Let z = -250 - j. List the prime factors of z.
5, 29
Suppose 2 + 10 = 4*d - 2*g, 0 = d - 5*g - 21. Suppose -4*f = -5*z + 27, 3 = f + d. Let l(t) = t**3 - 5*t**2 + 10*t - 13. What are the prime factors of l(z)?
5, 31
Let z be (0 + -69)*7/42*6. Let m = 63 + z. List the prime factors of (-121 + m/3)*2/(-3).
2, 41
Let o be (-1634)/(-12) + (-14)/84. Let n(g) = -g**3 - 4*g**2 - 3*g + 2. Let d be n(-3). Suppose -d*t + 0*t = -o. What are the prime factors of t?
2, 17
Suppose 3*h + 10*z + 1440 = 8*z, -3*h - 5*z = 1449. List the prime factors of (-2)/7 + 5*h/(-35).
2, 17
Suppose 0 = -14*s + 9*s - 60. Let j be (-130)/(-6) + 8/s. List the prime factors of 6/(72/j)*56.
2, 7
Let s be (-2)/13 - (-679215)/195. Suppose -354*u + s = -351*u. List the prime factors of u.
3, 43
Let h(x) = x**3 + 12*x**2 - 14*x - 8. Let o be h(-13). Suppose -4*m + o*m = 154. Let g = -64 + m. List the prime factors of g.
2, 3, 5
Suppose -32 = -4*f - 5*d, -4*d + 21 + 1 = 2*f. Suppose 6*u - u = f*r - 616, -3*u - 803 = -4*r. What are the prime factors of r?
197
Suppose -876*b + 884*b - 50504 = 0. What are the prime factors of b?
59, 107
Let z(q) = -108*q**3 + q**2 + q. Let x = -76 - -55. Let n = x - -20. What are the prime factors of z(n)?
2, 3
Suppose 9*j + 13 = 49. Suppose 4*g = j*m - 828, -g + 169 = 2*m - 257. Suppose 0 = -3*z + 6, z - m = -5*q + 376. What are the prime factors of q?
3, 13
Suppose 3*p - 4*r + 1 - 25 = 0, 32 = 4*p + 2*r. Suppose -5*g = -w - 125, 5*g = 2*w + 138 - p. What are the prime factors of g?
2, 3
Suppose -8 = 4*f + 20. Let i(x) = x**2 + 9*x + 17. Let u be i(f). Suppose u*c - 2*t + 7 - 196 = 0, -5*c - 2*t = -331. List the prime factors of c.
5, 13
Suppose 4*o = 2*o + 98. Suppose o*s = 46*s + 828. What are the prime factors of s?
2, 3, 23
Let u(y) = 139*y - 676. What are the prime factors of u(113)?
15031
List the prime factors of (-3 + 50/20)*2*-35885.
5, 7177
Suppose -2*x - 25*y + 88728 = -27*y, 2*x = 5*y + 88716. What are the prime factors of x?
2, 47, 59
Let r(a) = a**2 - a + 10. Let g be r(-7). Let o be 1/2 + -2*g/(-24). Let c(m) = -m**3 + 10*m**2 + 4*m + 11. What are the prime factors of c(o)?
179
Let u = 7880 - -544. List the prime factors of u.
2, 3, 13
Let g be -4 - 0 - 95/1. Let i = 56 + g. Let s = i - -266. List the prime factors of s.
223
Let b = 3639 + 2038. What are the prime factors of b?
7, 811
Let m = 84419 + -37817. List the prime factors of m.
2, 3, 863
Let i = -19120 + 42432. What are the prime factors of i?
2, 31, 47
Let r be ((-12)/5 - 32/(-80)) + 2. Suppose 5*a - 3*a - 5*z - 43 = r, 5*a = -z + 40. List the prime factors of a.
3
Let q be (18 - 507)*(-2 + 8/6). What are the prime factors of (-1 - 0/1)*q/(-2)?
163
Let d = -17470 - -39140. List the prime factors of d.
2, 5, 11, 197
Let a(p) = 257*p**2 + 12*p + 19. Let g be a(-3). Suppose 10*v - 1674 = g. List the prime factors of v.
397
Let p be ((-10)/(-6))/((-10)/(-36)). Suppose -4*c + p = -6. Suppose -207 = -c*q + 3*j, -j + 251 = 2*q + 2*q. What are the prime factors of q?
2
Suppose -14*k + 19*k - 14939 = -2*u, 5*u = 3*k - 8982. List the prime factors of k.
7, 61
Suppose -2*x = 2*s + 28, -3*s - s + 14 = -x. Let p(v) = -v - 14. Let m be p(x). Suppose -3*i = -m*i - 474. What are the prime factors of i?
2, 79
Let i be 22265 + (-22)/18 + (-6)/(-27). Suppose 0 = 4*b + 19*b - i. List the prime factors of b.
2, 11
Let a(h) = -h**3 - 9*h**2 - 14*h + 5. Let o = -717 - -707. List the prime factors of a(o).
5, 7
Suppose -2*g + 664 + 166 = 0. Let n = g + -278. List the prime factors of n.
137
What are the prime factors of 13/((-117)/(-6))*-3 + -5 - -56207?
2, 5, 281
Suppose -256364 = -6*y + 1288. What are the prime factors of y?
2, 3, 17, 421
Suppose -35*f = -34*f - 5. Suppose -5*g + 1955 = -5*z, f*z + 6*g + 1967 = 8*g. Let s = 620 + z. List the prime factors of s.
3, 5
Suppose x + 4*n - 36189 = 0, 144828 = 4*x - 5*n + 9*n. What are the prime factors of x?
3, 12071
Let r = 12920 - 2506. What are the prime factors of r?
2, 41, 127
Let b(q) = 586*q**2 + 86*q + 394. What are the prime factors of b(-8)?
2, 5, 61
Suppose -7*u = 17 - 31. List the prime factors of 162 - (-3)/(-12)*u*-2.
163
Let t be 6 + ((-7 + 3)*1 - -2). Let h(d) = d + 0 + 3*d**2 - t*d + 8*d**3 + 7 - d. What are the prime factors of h(3)?
2, 7, 17
Let k(v) = 2*v**3 - 3*v**2 - v - 4. Let m be k(3). Suppose -10*w + 20 = -m. S